iple of 25?
True
Does 91 divide 40967108?
True
Is 327 a factor of 1295247?
True
Does 33 divide 9574059?
True
Is 38979013 a multiple of 27?
False
Is 77 a factor of 128276379?
True
Is 431924491 a multiple of 38?
False
Does 6377 divide 863541762?
False
Is 1386106668 a multiple of 21?
False
Does 22 divide 44089870?
True
Does 1002 divide 960064296?
True
Is 114 a factor of 11702041?
False
Does 19 divide 114487756?
False
Does 18 divide 29891126?
False
Does 216 divide 458734?
False
Does 15 divide 122743547?
False
Is 25 a factor of 85757?
False
Is 403308 a multiple of 34?
True
Is 1387 a factor of 441142285?
True
Is 769965196 a multiple of 1463?
True
Is 78070357 a multiple of 321?
False
Is 351644424 a multiple of 3336?
True
Is 76 a factor of 64322828?
True
Does 51 divide 12581904?
True
Does 13 divide 338229130?
False
Is 1213080 a multiple of 40?
True
Does 4 divide 76309642?
False
Is 121328 a multiple of 4?
True
Is 27 a factor of 225024896?
False
Does 53 divide 1214653663?
False
Is 185 a factor of 883995490?
True
Is 158 a factor of 37845938?
False
Is 1040680179 a multiple of 3773?
True
Is 3175 a factor of 4044009215?
False
Does 2553 divide 9666602?
False
Is 1830991312 a multiple of 910?
False
Is 80978216 a multiple of 69?
False
Is 13064256 a multiple of 74?
True
Does 2779 divide 46898404?
True
Is 337848472 a multiple of 38?
False
Is 12 a factor of 32701595?
False
Does 70 divide 19951820?
True
Does 1097 divide 371417898?
False
Does 7 divide 4766934?
False
Is 65 a factor of 1018364534?
False
Does 2002 divide 27989962?
True
Is 1459 a factor of 229720272?
False
Is 36 a factor of 6075732?
False
Is 585 a factor of 901119041?
False
Is 128 a factor of 1409272349?
False
Is 130 a factor of 985628047?
False
Is 88722544 a multiple of 15?
False
Does 5 divide 96023525?
True
Does 136 divide 143493222?
False
Does 125 divide 250222826?
False
Is 1512359086 a multiple of 9512?
False
Does 1437 divide 8590386?
True
Is 3087 a factor of 89186517?
True
Is 54 a factor of 130560836?
False
Is 7694188 a multiple of 5?
False
Is 1377 a factor of 396558099?
True
Does 1343 divide 305872972?
False
Is 349329834 a multiple of 54?
True
Is 3739131 a multiple of 26?
False
Is 72108455 a multiple of 640?
False
Is 654 a factor of 184339710?
True
Does 661 divide 143089975?
True
Is 81 a factor of 81625201?
False
Is 609141811 a multiple of 10?
False
Does 30 divide 104228567?
False
Does 150 divide 88825452?
False
Is 501482877 a multiple of 651?
True
Is 27 a factor of 55720486?
False
Is 19 a factor of 385546345?
False
Is 25 a factor of 523566750?
True
Does 37 divide 23686068?
True
Does 4 divide 79863594?
False
Is 115813936 a multiple of 3248?
True
Is 629 a factor of 204842656?
True
Is 1590513793 a multiple of 11?
True
Is 2990 a factor of 324516660?
True
Does 32 divide 14847200?
True
Is 59 a factor of 367501088?
True
Is 248 a factor of 119744568?
True
Does 6801 divide 2779133436?
True
Is 22 a factor of 6640436?
True
Is 451554123 a multiple of 3921?
True
Is 16544631 a multiple of 2922?
False
Is 26689314 a multiple of 6?
True
Does 3 divide 228246031?
False
Does 1043 divide 94805571?
True
Is 58785938 a multiple of 2773?
False
Is 40885154 a multiple of 2?
True
Is 2064489876 a multiple of 166?
True
Is 23691192 a multiple of 651?
True
Does 954 divide 21326670?
True
Does 1506 divide 36622908?
True
Is 3264 a factor of 645788305?
False
Is 5708 a factor of 279315948?
False
Does 33 divide 4710882?
True
Is 10 a factor of 359435836?
False
Is 949325260 a multiple of 26?
True
Does 2412 divide 478343016?
True
Is 9 a factor of 274796631?
True
Does 2553 divide 1571319940?
False
Is 40 a factor of 45043160?
True
Is 1378 a factor of 117759384?
False
Does 38 divide 199202498?
True
Is 12 a factor of 8544594?
False
Is 363 a factor of 661202?
False
Does 11 divide 20852431?
False
Is 7411 a factor of 460438019?
True
Does 39 divide 113582235?
True
Does 121 divide 448604717?
True
Is 19 a factor of 6502351?
True
Is 62 a factor of 378713626?
False
Is 15716297 a multiple of 37?
False
Does 562 divide 29265588?
True
Does 44 divide 1135915861?
False
Does 311 divide 242264166?
False
Is 428109207 a multiple of 12?
False
Does 15 divide 51846420?
True
Is 1155450 a multiple of 50?
True
Is 13546650 a multiple of 15?
True
Is 11301532 a multiple of 29?
True
Is 17 a factor of 2350359935?
False
Is 199 a factor of 146140824?
True
Is 909 a factor of 39450137?
False
Is 1741448464 a multiple of 56?
True
Is 52 a factor of 325223668?
False
Is 6500867265 a multiple of 292?
False
Is 8 a factor of 1728631628?
False
Does 157 divide 30533290?
False
Is 71074283 a multiple of 577?
True
Is 2583880304 a multiple of 6824?
True
Is 263354607 a multiple of 32?
False
Is 54 a factor of 917764390?
False
Is 37 a factor of 164474733?
False
Does 331 divide 14410085?
True
Is 29 a factor of 18437098?
True
Is 33975197 a multiple of 24?
False
Does 2762 divide 171227428?
True
Is 29 a factor of 1527326222?
False
Is 1864 a factor of 352804401?
False
Is 2746147136 a multiple of 10835?
False
Does 48 divide 184373183?
False
Is 65 a factor of 7165795?
True
Is 2673156 a multiple of 10?
False
Does 1638 divide 2716849044?
True
Does 180 divide 1850583600?
True
Is 7 a factor of 405863592?
False
Does 257 divide 164480?
True
Does 5 divide 5459295?
True
Is 32 a factor of 247820502?
False
Is 209060274 a multiple of 121?
False
Is 34493352 a multiple of 25?
False
Is 876 a factor of 9720972?
True
Is 40010257 a multiple of 311?
False
Is 21 a factor of 1760104080?
True
Is 7 a factor of 16394330?
False
Is 115608930 a multiple of 630?
False
Does 75 divide 12908505?
False
Does 205 divide 522491700?
True
Is 170539056 a multiple of 24?
True
Is 56332863 a multiple of 4?
False
Is 4158 a factor of 57840675?
False
Does 1349 divide 12814362?
False
Does 208 divide 24091143?
False
Is 32 a factor of 8604736?
True
Is 1133860748 a multiple of 28?
False
Does 17 divide 149464204?
True
Is 8407632 a multiple of 48?
True
Is 11 a factor of 89442915?
False
Is 249 a factor of 9423969?
False
Is 856607348 a multiple of 25?
False
Does 8 divide 62617058?
False
Does 75 divide 37629610?
False
Is 144717288 a multiple of 409?
True
Is 75678032 a multiple of 10?
False
Is 1134080 a multiple of 5?
True
Is 22835718 a multiple of 1962?
True
Is 1068 a factor of 10861178?
False
Is 595 a factor of 485852010?
True
Does 4114 divide 2757790699?
False
Is 17055500 a multiple of 109?
False
Does 727 divide 27347559?
True
Is 243 a factor of 1000980423?
True
Does 15 divide 568385250?
True
Does 13 divide 869678264?
True
Does 6 divide 6613921?
False
Does 1170 divide 11210940?
True
Is 117750 a multiple of 5?
True
Does 31 divide 7008604?
True
Does 42 divide 414338662?
False
Does 3 divide 158115945?
True
Is 6 a factor of 13148754?
True
Is 30868423 a multiple of 310?
False
Does 47 divide 364162533?
True
Does 27 divide 3769302978?
True
Does 1874 divide 17220468?
False
Does 218 divide 1061454862?
True
Does 192 divide 2029774848?
True
Does 10 divide 23658490?
True
Does 419 divide 37918243?
True
Is 311 a factor of 18243551?
False
Is 3092 a factor of 1287924370?
False
Does 574 divide 32938990?
True
Is 341139777 a multiple of 121?
True
Is 1024040850 a multiple of 175?
True
Does 42 divide 1768075?
False
Does 60 divide 922380060?
True
Does 151 divide 43419501?
False
Is 5056412793 a multiple of 868?
False
Does 101 divide 183438892?
False
Does 944 divide 683309919?
False
Does 8948 divide 289452757?
False
Is 1040653212 a multiple of 158?
False
Does 45 divide 6307380?
True
Is 801304392 a multiple of 84?
True
Does 3727 divide 973179180?
False
Is 173 a factor of 4693287?
False
Does 20 divide 877030480?
True
Does 9 divide 15457361?
False
Is 318 a factor of 1201808537?
False
Does 155 divide 86371250?
False
Is 1384062919 a multiple of 2828?
False
Does 267 divide 3093445713?
True
Does 475 divide 213729100?
True
Is 3 a factor of 1249869?
True
Does 390 divide 449140048?
False
Is 85900499 a multiple of 7?
False
Does 1153 divide 11205691?
False
Is 2299805 a multiple of 36?
False
Is 32 a factor of 209465312?
True
Is 53282454 a multiple of 102?
True
Is 364393662 a multiple of 5767?
True
Is 11 a factor of 1029669905?
True
Is 4810501 a multiple of 25?
False
Is 2577460028 a multiple of 1276?
True
Does 7370 divide 1386775290?
False
Does 138 divide 2317547501?
False
Is 1